{"id":273,"date":"2025-05-24T10:10:58","date_gmt":"2025-05-24T08:10:58","guid":{"rendered":"https:\/\/sadtech.fr\/?page_id=273"},"modified":"2025-11-24T07:35:22","modified_gmt":"2025-11-24T06:35:22","slug":"qui-sommes-nous","status":"publish","type":"page","link":"https:\/\/sadtech.fr\/index.php\/qui-sommes-nous\/","title":{"rendered":"A propos"},"content":{"rendered":"\t\t<div data-elementor-type=\"wp-page\" data-elementor-id=\"273\" class=\"elementor elementor-273\" data-elementor-post-type=\"page\">\n\t\t\t\t<div class=\"elementor-element elementor-element-7a6b581 e-flex e-con-boxed e-con e-parent\" data-id=\"7a6b581\" data-element_type=\"container\" data-e-type=\"container\">\n\t\t\t\t\t<div class=\"e-con-inner\">\n\t\t\t\t<div class=\"elementor-element elementor-element-f73ee0a elementor-widget elementor-widget-heading\" data-id=\"f73ee0a\" data-element_type=\"widget\" data-e-type=\"widget\" data-widget_type=\"heading.default\">\n\t\t\t\t<div class=\"elementor-widget-container\">\n\t\t\t\t\t<h3 class=\"elementor-heading-title elementor-size-default\">Votre Partenaire  CVC<\/h3>\t\t\t\t<\/div>\n\t\t\t\t<\/div>\n\t\t\t\t\t<\/div>\n\t\t\t\t<\/div>\n\t\t<div class=\"elementor-element elementor-element-6205afb e-flex e-con-boxed e-con e-parent\" data-id=\"6205afb\" data-element_type=\"container\" data-e-type=\"container\" data-settings=\"{&quot;background_background&quot;:&quot;gradient&quot;}\">\n\t\t\t\t\t<div class=\"e-con-inner\">\n\t\t\t\t<div class=\"elementor-element elementor-element-e96b884 elementor-widget elementor-widget-text-editor\" data-id=\"e96b884\" data-element_type=\"widget\" data-e-type=\"widget\" data-widget_type=\"text-editor.default\">\n\t\t\t\t<div class=\"elementor-widget-container\">\n\t\t\t\t\t\t\t\t\t<h4>Notre Passion est d&rsquo;accompagner nos Clients avec notre expertise pour des solutions de maintenance et l&rsquo;acquisition d&rsquo;\u00e9quipements Innovants de traitement d&rsquo;air et de Climatisation, et contr\u00f4le de toute la chaine de valeur, notre Engagement est d&rsquo;apporter les meilleur en therme de Performance et la Fiabilit\u00e9 des Equipements CVC<\/h4>\t\t\t\t\t\t\t\t<\/div>\n\t\t\t\t<\/div>\n\t\t\t\t\t<\/div>\n\t\t\t\t<\/div>\n\t\t<div class=\"elementor-element elementor-element-08a4b1f e-flex e-con-boxed e-con e-parent\" data-id=\"08a4b1f\" data-element_type=\"container\" data-e-type=\"container\" data-settings=\"{&quot;background_background&quot;:&quot;gradient&quot;}\">\n\t\t\t\t\t<div class=\"e-con-inner\">\n\t\t\t\t<div class=\"elementor-element elementor-element-ae08074 elementor-widget elementor-widget-heading\" data-id=\"ae08074\" data-element_type=\"widget\" data-e-type=\"widget\" data-widget_type=\"heading.default\">\n\t\t\t\t<div class=\"elementor-widget-container\">\n\t\t\t\t\t<h2 class=\"elementor-heading-title elementor-size-default\">Qui Sommes Nous<\/h2>\t\t\t\t<\/div>\n\t\t\t\t<\/div>\n\t\t\t\t<div class=\"elementor-element elementor-element-bf20cdb elementor-widget elementor-widget-text-editor\" data-id=\"bf20cdb\" data-element_type=\"widget\" data-e-type=\"widget\" data-widget_type=\"text-editor.default\">\n\t\t\t\t<div class=\"elementor-widget-container\">\n\t\t\t\t\t\t\t\t\t<h5>Entreprise Bas\u00e9 a Paris Sp\u00e9cialis\u00e9e CVC Fond\u00e9e par des anciens Coll\u00e8gues Exp\u00e9riment\u00e9s en Froid Climatisation Ventilation, Offrant un Service de Maintenance, D\u00e9pannage, R\u00e9paration, Mise en Service des Syst\u00e8mes de Froid Climatisation Ventilation Chauffage pour le R\u00e9sidentiel, PAC, Split, Multi Split, Cassette, Climatisation pour Commerce, Bureaux , Hotels, Restaurants, Entrep\u00f4ts, Roof Top, Climatisation tertiaire, Grand tertiaire, Climatisation Centrale VRV, Centrale de Traitement d&rsquo;air, Groupe Eau Glac\u00e9e, R\u00e9seaux, R\u00e9gulation et Surveillances, Composants de S\u00e9curit\u00e9, Accessoires, Nettoyage de Conduits de Ventilation, Filtration d&rsquo;air, VMC, A\u00e9raulique, Froid, Gaz Clim, Humidification, D\u00e9shumidification, Echangeurs, Pompe, Ventilateur, Moteur, R\u00e9cup\u00e9ration de Chaleur, PAC Piscine Chauffage,<\/h5>\t\t\t\t\t\t\t\t<\/div>\n\t\t\t\t<\/div>\n\t\t\t\t\t<\/div>\n\t\t\t\t<\/div>\n\t\t<div class=\"elementor-element elementor-element-159bf2d e-flex e-con-boxed e-con e-parent\" data-id=\"159bf2d\" data-element_type=\"container\" data-e-type=\"container\" data-settings=\"{&quot;background_background&quot;:&quot;gradient&quot;}\">\n\t\t\t\t\t<div class=\"e-con-inner\">\n\t\t\t\t<div class=\"elementor-element elementor-element-accf9a6 elementor-widget elementor-widget-heading\" data-id=\"accf9a6\" data-element_type=\"widget\" data-e-type=\"widget\" data-widget_type=\"heading.default\">\n\t\t\t\t<div class=\"elementor-widget-container\">\n\t\t\t\t\t<h2 class=\"elementor-heading-title elementor-size-default\">Notre Mission<\/h2>\t\t\t\t<\/div>\n\t\t\t\t<\/div>\n\t\t\t\t<div class=\"elementor-element elementor-element-284eb1d elementor-widget elementor-widget-text-editor\" data-id=\"284eb1d\" data-element_type=\"widget\" data-e-type=\"widget\" data-widget_type=\"text-editor.default\">\n\t\t\t\t<div class=\"elementor-widget-container\">\n\t\t\t\t\t\t\t\t\t<h5>Notre mission : allier confort, performance et durabilit\u00e9<\/h5><p>Chez SADTECH, chaque intervention est Men\u00e9e avec Rigueur, Expertise et un Sens du Service qui fait Notre R\u00e9putation<\/p><p><strong>La performance \u00e9nerg\u00e9tique ne se mesure pas qu\u2019en chiffres, mais en satisfaction client<\/strong><\/p>\t\t\t\t\t\t\t\t<\/div>\n\t\t\t\t<\/div>\n\t\t\t\t\t<\/div>\n\t\t\t\t<\/div>\n\t\t<div class=\"elementor-element elementor-element-603be85 e-flex e-con-boxed e-con e-parent\" data-id=\"603be85\" data-element_type=\"container\" data-e-type=\"container\" data-settings=\"{&quot;background_background&quot;:&quot;gradient&quot;}\">\n\t\t\t\t\t<div class=\"e-con-inner\">\n\t\t\t\t<div class=\"elementor-element elementor-element-0ed02a5 elementor-widget elementor-widget-heading\" data-id=\"0ed02a5\" data-element_type=\"widget\" data-e-type=\"widget\" data-widget_type=\"heading.default\">\n\t\t\t\t<div class=\"elementor-widget-container\">\n\t\t\t\t\t<h2 class=\"elementor-heading-title elementor-size-default\">Notre Expertise<\/h2>\t\t\t\t<\/div>\n\t\t\t\t<\/div>\n\t\t\t\t\t<\/div>\n\t\t\t\t<\/div>\n\t\t<div class=\"elementor-element elementor-element-3274c2b e-flex e-con-boxed e-con e-parent\" data-id=\"3274c2b\" data-element_type=\"container\" data-e-type=\"container\" data-settings=\"{&quot;background_background&quot;:&quot;gradient&quot;}\">\n\t\t\t\t\t<div class=\"e-con-inner\">\n\t\t<div class=\"elementor-element elementor-element-c39cfff e-con-full e-flex e-con e-child\" data-id=\"c39cfff\" data-element_type=\"container\" data-e-type=\"container\">\n\t\t\t\t<div class=\"elementor-element elementor-element-05c3ebe elementor-widget elementor-widget-text-editor\" data-id=\"05c3ebe\" data-element_type=\"widget\" data-e-type=\"widget\" data-widget_type=\"text-editor.default\">\n\t\t\t\t<div class=\"elementor-widget-container\">\n\t\t\t\t\t\t\t\t\t<p>Nos \u00e9quipes sont compos\u00e9es de T<strong data-start=\"1521\" data-end=\"1565\">echniciens Qualifi\u00e9s et certifi\u00e9s <\/strong>\u00a0form\u00e9s et exp\u00e9riment\u00e9s aux Technologies du Froid, de la Ventilation et de la Gestion \u00e9nerg\u00e9tique.<br data-start=\"1658\" data-end=\"1661\" \/>Nous intervenons sur tout type d\u2019installation, du <strong>Tertiaire, Commerce, Habitat, B\u00e2timent Technique<\/strong>, en Assurant la Conformit\u00e9 et la Performance.<\/p>\t\t\t\t\t\t\t\t<\/div>\n\t\t\t\t<\/div>\n\t\t\t\t<\/div>\n\t\t<div class=\"elementor-element elementor-element-f972041 e-con-full e-flex e-con e-child\" data-id=\"f972041\" data-element_type=\"container\" data-e-type=\"container\">\n\t\t\t\t<div class=\"elementor-element elementor-element-b49f4c5 elementor-widget elementor-widget-text-editor\" data-id=\"b49f4c5\" data-element_type=\"widget\" data-e-type=\"widget\" data-widget_type=\"text-editor.default\">\n\t\t\t\t<div class=\"elementor-widget-container\">\n\t\t\t\t\t\t\t\t\t<ul><li data-start=\"1833\" data-end=\"1884\"><p data-start=\"1835\" data-end=\"1884\">Installation et mise en service de syst\u00e8mes CVC<\/p><\/li><li data-start=\"1885\" data-end=\"1923\"><p data-start=\"1887\" data-end=\"1923\">Maintenance pr\u00e9ventive et curative<\/p><\/li><li data-start=\"1924\" data-end=\"1969\"><p data-start=\"1926\" data-end=\"1969\">D\u00e9pannage rapide sur sites professionnels<\/p><\/li><li data-start=\"1970\" data-end=\"2028\"><p data-start=\"1972\" data-end=\"2028\">Audit \u00e9nerg\u00e9tique et conseils en am\u00e9lioration continue<\/p><\/li><\/ul>\t\t\t\t\t\t\t\t<\/div>\n\t\t\t\t<\/div>\n\t\t\t\t<div class=\"elementor-element elementor-element-aa962df elementor-align-center elementor-widget elementor-widget-button\" data-id=\"aa962df\" data-element_type=\"widget\" data-e-type=\"widget\" data-widget_type=\"button.default\">\n\t\t\t\t<div class=\"elementor-widget-container\">\n\t\t\t\t\t\t\t\t\t<div class=\"elementor-button-wrapper\">\n\t\t\t\t\t<a class=\"elementor-button elementor-button-link elementor-size-sm\" href=\"#\">\n\t\t\t\t\t\t<span class=\"elementor-button-content-wrapper\">\n\t\t\t\t\t\t\t\t\t<span class=\"elementor-button-text\">\u2699\ufe0f D\u00e9couvrez nos Services<\/span>\n\t\t\t\t\t<\/span>\n\t\t\t\t\t<\/a>\n\t\t\t\t<\/div>\n\t\t\t\t\t\t\t\t<\/div>\n\t\t\t\t<\/div>\n\t\t\t\t<\/div>\n\t\t\t\t\t<\/div>\n\t\t\t\t<\/div>\n\t\t<div class=\"elementor-element elementor-element-ad02a5c e-flex e-con-boxed e-con e-parent\" data-id=\"ad02a5c\" data-element_type=\"container\" data-e-type=\"container\" data-settings=\"{&quot;background_background&quot;:&quot;gradient&quot;}\">\n\t\t\t\t\t<div class=\"e-con-inner\">\n\t\t\t\t<div class=\"elementor-element elementor-element-b4c4c5d elementor-widget elementor-widget-heading\" data-id=\"b4c4c5d\" data-element_type=\"widget\" data-e-type=\"widget\" data-widget_type=\"heading.default\">\n\t\t\t\t<div class=\"elementor-widget-container\">\n\t\t\t\t\t<h2 class=\"elementor-heading-title elementor-size-default\">Nos Valeurs<\/h2>\t\t\t\t<\/div>\n\t\t\t\t<\/div>\n\t\t\t\t\t<\/div>\n\t\t\t\t<\/div>\n\t\t<div class=\"elementor-element elementor-element-88d01ca e-flex e-con-boxed e-con e-parent\" data-id=\"88d01ca\" data-element_type=\"container\" data-e-type=\"container\" data-settings=\"{&quot;background_background&quot;:&quot;gradient&quot;}\">\n\t\t\t\t\t<div class=\"e-con-inner\">\n\t\t<div class=\"elementor-element elementor-element-7c2cd96 e-con-full e-flex e-con e-child\" data-id=\"7c2cd96\" data-element_type=\"container\" data-e-type=\"container\">\n\t\t\t\t<div class=\"elementor-element elementor-element-7bcb95e elementor-widget__width-initial elementor-widget elementor-widget-text-editor\" data-id=\"7bcb95e\" data-element_type=\"widget\" data-e-type=\"widget\" data-widget_type=\"text-editor.default\">\n\t\t\t\t<div class=\"elementor-widget-container\">\n\t\t\t\t\t\t\t\t\t<h5>\ud83e\udd1d <strong data-start=\"2204\" data-end=\"2217\">Fiabilit\u00e9<\/strong><\/h5>\n<p>\u00a0<\/p>\n<h5>\u2699\ufe0f <strong data-start=\"2300\" data-end=\"2324\">Excellence technique<\/strong><\/h5>\n<p>\u00a0<\/p>\n<h5>\ud83d\udd0b <strong data-start=\"2428\" data-end=\"2454\">Efficacit\u00e9 \u00e9nerg\u00e9tique<\/strong><\/h5>\n<p>\u00a0<\/p>\n<h5>\ud83d\udcac <strong data-start=\"2533\" data-end=\"2553\">Proximit\u00e9 client<\/strong><\/h5>\t\t\t\t\t\t\t\t<\/div>\n\t\t\t\t<\/div>\n\t\t\t\t<\/div>\n\t\t<div class=\"elementor-element elementor-element-af0be4b e-con-full e-flex e-con e-child\" data-id=\"af0be4b\" data-element_type=\"container\" data-e-type=\"container\">\n\t\t\t\t<div class=\"elementor-element elementor-element-cf90fd6 elementor-widget elementor-widget-text-editor\" data-id=\"cf90fd6\" data-element_type=\"widget\" data-e-type=\"widget\" data-widget_type=\"text-editor.default\">\n\t\t\t\t<div class=\"elementor-widget-container\">\n\t\t\t\t\t\t\t\t\t<p><strong>Nous honorons chaque engagement avec transparence et Respect des d\u00e9lais.<\/strong><\/p><p><strong>Nos Techniciens Exp\u00e9riment\u00e9 depuis plus de 15ans dans l&rsquo;installation mise en service d\u00e9pannage et l&rsquo;entretien<\/strong><\/p><p><strong>Nous favorisons des solutions responsables, \u00e9conomiques et durables.<\/strong><\/p><p><strong>R\u00e9activit\u00e9, \u00e9coute et accompagnement personnalis\u00e9 \u00e0 chaque \u00e9tape du projet<\/strong><\/p>\t\t\t\t\t\t\t\t<\/div>\n\t\t\t\t<\/div>\n\t\t\t\t<div class=\"elementor-element elementor-element-41dc56a elementor-widget elementor-widget-text-editor\" data-id=\"41dc56a\" data-element_type=\"widget\" data-e-type=\"widget\" data-widget_type=\"text-editor.default\">\n\t\t\t\t<div class=\"elementor-widget-container\">\n\t\t\t\t\t\t\t\t\t<h5><strong>Combinaison de la Technicit\u00e9 et du Sens du Service.<\/strong><\/h5>\t\t\t\t\t\t\t\t<\/div>\n\t\t\t\t<\/div>\n\t\t\t\t<div class=\"elementor-element elementor-element-09675d0 elementor-align-right elementor-widget elementor-widget-button\" data-id=\"09675d0\" data-element_type=\"widget\" data-e-type=\"widget\" data-widget_type=\"button.default\">\n\t\t\t\t<div class=\"elementor-widget-container\">\n\t\t\t\t\t\t\t\t\t<div class=\"elementor-button-wrapper\">\n\t\t\t\t\t<a class=\"elementor-button elementor-button-link elementor-size-sm\" href=\"https:\/\/sadtech.fr\/index.php\/contact\/\">\n\t\t\t\t\t\t<span class=\"elementor-button-content-wrapper\">\n\t\t\t\t\t\t\t\t\t<span class=\"elementor-button-text\">\ud83d\udd38 Contactez-nous d\u00e8s aujourd\u2019hui<\/span>\n\t\t\t\t\t<\/span>\n\t\t\t\t\t<\/a>\n\t\t\t\t<\/div>\n\t\t\t\t\t\t\t\t<\/div>\n\t\t\t\t<\/div>\n\t\t\t\t<\/div>\n\t\t\t\t\t<\/div>\n\t\t\t\t<\/div>\n\t\t<div class=\"elementor-element elementor-element-98bb3b4 e-flex e-con-boxed e-con e-parent\" data-id=\"98bb3b4\" data-element_type=\"container\" data-e-type=\"container\">\n\t\t\t\t\t<div class=\"e-con-inner\">\n\t\t\t\t<div class=\"elementor-element elementor-element-5278c47 elementor-widget elementor-widget-heading\" data-id=\"5278c47\" data-element_type=\"widget\" data-e-type=\"widget\" data-widget_type=\"heading.default\">\n\t\t\t\t<div class=\"elementor-widget-container\">\n\t\t\t\t\t<h2 class=\"elementor-heading-title elementor-size-default\">Une Equipe \u00e0 Taille Humaine<\/h2>\t\t\t\t<\/div>\n\t\t\t\t<\/div>\n\t\t\t\t\t<\/div>\n\t\t\t\t<\/div>\n\t\t<div class=\"elementor-element elementor-element-2f43b6b e-flex e-con-boxed e-con e-parent\" data-id=\"2f43b6b\" data-element_type=\"container\" data-e-type=\"container\" data-settings=\"{&quot;background_background&quot;:&quot;gradient&quot;}\">\n\t\t\t\t\t<div class=\"e-con-inner\">\n\t\t<div class=\"elementor-element elementor-element-924cff3 e-con-full e-flex e-con e-child\" data-id=\"924cff3\" data-element_type=\"container\" data-e-type=\"container\">\n\t\t\t\t<div class=\"elementor-element elementor-element-7ca356e elementor-widget elementor-widget-text-editor\" data-id=\"7ca356e\" data-element_type=\"widget\" data-e-type=\"widget\" data-widget_type=\"text-editor.default\">\n\t\t\t\t<div class=\"elementor-widget-container\">\n\t\t\t\t\t\t\t\t\t<h5>Entreprise Sp\u00e9cialis\u00e9e CVC Fond\u00e9e par des anciens Coll\u00e8gues Exp\u00e9riment\u00e9s en Froid Climatisation Ventilation, Offrant un Service de Maintenance, D\u00e9pannage, R\u00e9paration, Mise en Service des Syst\u00e8mes de Climatisation\u00a0<\/h5><h5><strong>Une \u00e9quipe r\u00e9active et engag\u00e9e<\/strong><\/h5><p>Derri\u00e8re chaque Projet, il y a une \u00e9quipe passionn\u00e9e.<br data-start=\"2904\" data-end=\"2907\" \/>Nos Collaborateurs Constitu\u00e9 d&rsquo;Equipe Synchronis\u00e9 d&rsquo;Ancien Coll\u00e8gues Techniciens Exp\u00e9riment\u00e9s depuis plus de 15ans dans l&rsquo;installation mise en service d\u00e9pannage entretien, ils\u00a0 partagent la m\u00eame exigence : <strong>R\u00e9pondre efficacement aux Besoins Techniques, en Garantissant la Qualit\u00e9 et la S\u00e9curit\u00e9<\/strong><\/p>\t\t\t\t\t\t\t\t<\/div>\n\t\t\t\t<\/div>\n\t\t\t\t<\/div>\n\t\t<div class=\"elementor-element elementor-element-5f67c5c e-con-full e-flex e-con e-child\" data-id=\"5f67c5c\" data-element_type=\"container\" data-e-type=\"container\">\n\t\t\t\t<div class=\"elementor-element elementor-element-2e8b944 elementor-widget elementor-widget-text-editor\" data-id=\"2e8b944\" data-element_type=\"widget\" data-e-type=\"widget\" data-widget_type=\"text-editor.default\">\n\t\t\t\t<div class=\"elementor-widget-container\">\n\t\t\t\t\t\t\t\t\t<p>\u00a0<\/p>\n<p>\u00a0<\/p>\n<p>De la premi\u00e8re visite \u00e0 la maintenance pr\u00e9ventive, SADTECH reste \u00e0 vos c\u00f4t\u00e9s pour un suivi durable et une totale tranquillit\u00e9 d\u2019esprit.<\/p>\n<p>\u00a0<\/p>\n<p>\u00a0<\/p>\t\t\t\t\t\t\t\t<\/div>\n\t\t\t\t<\/div>\n\t\t\t\t<div class=\"elementor-element elementor-element-1c9f8ed elementor-align-center elementor-widget elementor-widget-button\" data-id=\"1c9f8ed\" data-element_type=\"widget\" data-e-type=\"widget\" data-widget_type=\"button.default\">\n\t\t\t\t<div class=\"elementor-widget-container\">\n\t\t\t\t\t\t\t\t\t<div class=\"elementor-button-wrapper\">\n\t\t\t\t\t<a class=\"elementor-button elementor-button-link elementor-size-sm\" href=\"#\" target=\"_blank\">\n\t\t\t\t\t\t<span class=\"elementor-button-content-wrapper\">\n\t\t\t\t\t\t\t\t\t<span class=\"elementor-button-text\">\ud83d\udcde Rencontrez notre \u00e9quipe<\/span>\n\t\t\t\t\t<\/span>\n\t\t\t\t\t<\/a>\n\t\t\t\t<\/div>\n\t\t\t\t\t\t\t\t<\/div>\n\t\t\t\t<\/div>\n\t\t\t\t<\/div>\n\t\t\t\t\t<\/div>\n\t\t\t\t<\/div>\n\t\t<div class=\"elementor-element elementor-element-60cc732 e-flex e-con-boxed e-con e-parent\" data-id=\"60cc732\" data-element_type=\"container\" data-e-type=\"container\">\n\t\t\t\t\t<div class=\"e-con-inner\">\n\t\t<div class=\"elementor-element elementor-element-9e575e0 e-con-full e-flex e-con e-child\" data-id=\"9e575e0\" data-element_type=\"container\" data-e-type=\"container\" data-settings=\"{&quot;background_background&quot;:&quot;gradient&quot;}\">\n\t\t\t\t<div class=\"elementor-element elementor-element-9789aad elementor-widget elementor-widget-text-editor\" data-id=\"9789aad\" data-element_type=\"widget\" data-e-type=\"widget\" data-widget_type=\"text-editor.default\">\n\t\t\t\t<div class=\"elementor-widget-container\">\n\t\t\t\t\t\t\t\t\t<p><strong>Nos techniciens interviennent dans tous les d\u00e9partements de la R\u00e9gion :<\/strong><br data-start=\"3451\" data-end=\"3454\" \/><br \/><\/p><p>\u00a0<\/p><p>\u00a0<\/p><p>\u00a0<\/p><p>\u00a0<\/p>\t\t\t\t\t\t\t\t<\/div>\n\t\t\t\t<\/div>\n\t\t\t\t<div class=\"elementor-element elementor-element-04dadfc elementor-align-center elementor-widget elementor-widget-button\" data-id=\"04dadfc\" data-element_type=\"widget\" data-e-type=\"widget\" data-widget_type=\"button.default\">\n\t\t\t\t<div class=\"elementor-widget-container\">\n\t\t\t\t\t\t\t\t\t<div class=\"elementor-button-wrapper\">\n\t\t\t\t\t<a class=\"elementor-button elementor-button-link elementor-size-sm\" href=\"#\">\n\t\t\t\t\t\t<span class=\"elementor-button-content-wrapper\">\n\t\t\t\t\t\t\t\t\t<span class=\"elementor-button-text\">\ud83d\udccd Demandez une intervention<\/span>\n\t\t\t\t\t<\/span>\n\t\t\t\t\t<\/a>\n\t\t\t\t<\/div>\n\t\t\t\t\t\t\t\t<\/div>\n\t\t\t\t<\/div>\n\t\t\t\t<\/div>\n\t\t<div class=\"elementor-element elementor-element-0fa86be e-con-full e-flex e-con e-child\" data-id=\"0fa86be\" data-element_type=\"container\" data-e-type=\"container\">\n\t\t\t\t<div class=\"elementor-element elementor-element-023c349 elementor-widget elementor-widget-google_maps\" data-id=\"023c349\" data-element_type=\"widget\" data-e-type=\"widget\" data-widget_type=\"google_maps.default\">\n\t\t\t\t<div class=\"elementor-widget-container\">\n\t\t\t\t\t\t\t<div class=\"elementor-custom-embed\">\n\t\t\t<iframe loading=\"lazy\"\n\t\t\t\t\tsrc=\"https:\/\/maps.google.com\/maps?q=paris%2017&#038;t=m&#038;z=9&#038;output=embed&#038;iwloc=near\"\n\t\t\t\t\ttitle=\"paris 17\"\n\t\t\t\t\taria-label=\"paris 17\"\n\t\t\t><\/iframe>\n\t\t<\/div>\n\t\t\t\t\t\t<\/div>\n\t\t\t\t<\/div>\n\t\t\t\t<\/div>\n\t\t\t\t\t<\/div>\n\t\t\t\t<\/div>\n\t\t<div class=\"elementor-element elementor-element-3eebdf3 e-flex e-con-boxed e-con e-parent\" data-id=\"3eebdf3\" data-element_type=\"container\" data-e-type=\"container\" data-settings=\"{&quot;background_background&quot;:&quot;gradient&quot;}\">\n\t\t\t\t\t<div class=\"e-con-inner\">\n\t\t<div class=\"elementor-element elementor-element-a9df17b e-con-full e-flex e-con e-child\" data-id=\"a9df17b\" data-element_type=\"container\" data-e-type=\"container\">\n\t\t\t\t<div class=\"elementor-element elementor-element-3e7f82e elementor-widget elementor-widget-text-editor\" data-id=\"3e7f82e\" data-element_type=\"widget\" data-e-type=\"widget\" data-widget_type=\"text-editor.default\">\n\t\t\t\t<div class=\"elementor-widget-container\">\n\t\t\t\t\t\t\t\t\t<p>Que vous soyez une <strong data-start=\"3930\" data-end=\"3973\">entreprise,\u00a0 Service G\u00e9n\u00e9raux , Gestionnaire Immobilier,\u00a0 particulier<\/strong>, SADTECH vous accompagne dans l&rsquo;acquisition et la gestion de vos \u00e9quipements CVC et est votre Partenaire de Confiance<\/p>\t\t\t\t\t\t\t\t<\/div>\n\t\t\t\t<\/div>\n\t\t\t\t<\/div>\n\t\t<div class=\"elementor-element elementor-element-f2e3c0c e-con-full e-flex e-con e-child\" data-id=\"f2e3c0c\" data-element_type=\"container\" data-e-type=\"container\">\n\t\t\t\t<div class=\"elementor-element elementor-element-51e3603 elementor-widget elementor-widget-text-editor\" data-id=\"51e3603\" data-element_type=\"widget\" data-e-type=\"widget\" data-widget_type=\"text-editor.default\">\n\t\t\t\t<div class=\"elementor-widget-container\">\n\t\t\t\t\t\t\t\t\t<p><strong>Performance de vos installations, Maintenance CVC, Multi technique, et D\u00e9pannage<\/strong><\/p><p><strong>Contactez-nous pour obtenir un devis Gratuit et Personnalis\u00e9.<\/strong><\/p>\t\t\t\t\t\t\t\t<\/div>\n\t\t\t\t<\/div>\n\t\t\t\t<div class=\"elementor-element elementor-element-dce187e elementor-align-center elementor-widget elementor-widget-button\" data-id=\"dce187e\" data-element_type=\"widget\" data-e-type=\"widget\" data-widget_type=\"button.default\">\n\t\t\t\t<div class=\"elementor-widget-container\">\n\t\t\t\t\t\t\t\t\t<div class=\"elementor-button-wrapper\">\n\t\t\t\t\t<a class=\"elementor-button elementor-button-link elementor-size-sm\" href=\"#\">\n\t\t\t\t\t\t<span class=\"elementor-button-content-wrapper\">\n\t\t\t\t\t\t\t\t\t<span class=\"elementor-button-text\">\ud83d\udd38 Obtenir un Devis Gratuit<\/span>\n\t\t\t\t\t<\/span>\n\t\t\t\t\t<\/a>\n\t\t\t\t<\/div>\n\t\t\t\t\t\t\t\t<\/div>\n\t\t\t\t<\/div>\n\t\t\t\t<\/div>\n\t\t\t\t\t<\/div>\n\t\t\t\t<\/div>\n\t\t\t\t<\/div>\n\t\t","protected":false},"excerpt":{"rendered":"<p>Fond\u00e9e par des anciens Coll\u00e8gues Exp\u00e9riment\u00e9s en Froid Climatisation Ventilation, Offrant un Service de Maintenance, D\u00e9pannage, R\u00e9paration, Mise en Service des Syst\u00e8mes de Froid Climatisation Ventilation Chauffage pour le R\u00e9sidentiel, PAC, Split, Multi Split, Cassette, Climatisation pour Commerce, Bureaux , Hotels, Restaurants, Entrep\u00f4ts, Roof Top, Climatisation tertiaire, Grand tertiaire, Climatisation Centrale VRV, Centrale de Traitement d&rsquo;air, Groupe Eau Glac\u00e9e<\/p>\n","protected":false},"author":1,"featured_media":0,"parent":0,"menu_order":0,"comment_status":"closed","ping_status":"closed","template":"","meta":{"footnotes":""},"class_list":["post-273","page","type-page","status-publish","hentry"],"_links":{"self":[{"href":"https:\/\/sadtech.fr\/index.php\/wp-json\/wp\/v2\/pages\/273","targetHints":{"allow":["GET"]}}],"collection":[{"href":"https:\/\/sadtech.fr\/index.php\/wp-json\/wp\/v2\/pages"}],"about":[{"href":"https:\/\/sadtech.fr\/index.php\/wp-json\/wp\/v2\/types\/page"}],"author":[{"embeddable":true,"href":"https:\/\/sadtech.fr\/index.php\/wp-json\/wp\/v2\/users\/1"}],"replies":[{"embeddable":true,"href":"https:\/\/sadtech.fr\/index.php\/wp-json\/wp\/v2\/comments?post=273"}],"version-history":[{"count":91,"href":"https:\/\/sadtech.fr\/index.php\/wp-json\/wp\/v2\/pages\/273\/revisions"}],"predecessor-version":[{"id":1167,"href":"https:\/\/sadtech.fr\/index.php\/wp-json\/wp\/v2\/pages\/273\/revisions\/1167"}],"wp:attachment":[{"href":"https:\/\/sadtech.fr\/index.php\/wp-json\/wp\/v2\/media?parent=273"}],"curies":[{"name":"wp","href":"https:\/\/api.w.org\/{rel}","templated":true}]}}